 millions digit of 1618699649?
6
What is the ten millions digit of 283274767?
8
What is the hundred millions digit of 8619377565?
6
What is the ten millions digit of 100099221?
0
What is the hundred millions digit of 872301023?
8
What is the ten thousands digit of 106843515?
4
What is the hundred millions digit of 2839533231?
8
What is the millions digit of 815094121?
5
What is the hundred thousands digit of 294761724?
7
What is the hundreds digit of 620222683?
6
What is the hundreds digit of 28328403?
4
What is the hundreds digit of 95568816?
8
What is the millions digit of 38191589?
8
What is the hundreds digit of 34718342?
3
What is the ten thousands digit of 4509488432?
8
What is the hundreds digit of 383328433?
4
What is the tens digit of 89906278?
7
What is the millions digit of 64604986?
4
What is the ten millions digit of 99468227?
9
What is the millions digit of 660139344?
0
What is the hundreds digit of 54161072?
0
What is the hundred millions digit of 7961203216?
9
What is the hundreds digit of 58678485?
4
What is the millions digit of 2422270?
2
What is the hundreds digit of 300808389?
3
What is the millions digit of 152639525?
2
What is the hundred millions digit of 1746656045?
7
What is the units digit of 24170252?
2
What is the thousands digit of 913557801?
7
What is the billions digit of 1154415555?
1
What is the ten millions digit of 30267238?
3
What is the hundred thousands digit of 4890974018?
9
What is the ten millions digit of 208081050?
0
What is the ten thousands digit of 57745109?
4
What is the tens digit of 940259764?
6
What is the hundred millions digit of 370907042?
3
What is the units digit of 215957788?
8
What is the hundred thousands digit of 59053809?
0
What is the thousands digit of 20993040?
3
What is the units digit of 134216783?
3
What is the hundred millions digit of 245984719?
2
What is the units digit of 437084449?
9
What is the ten millions digit of 769426567?
6
What is the tens digit of 986264279?
7
What is the millions digit of 53269954?
3
What is the units digit of 2122575642?
2
What is the hundred millions digit of 1336355355?
3
What is the hundreds digit of 2354616716?
7
What is the tens digit of 15172655?
5
What is the units digit of 1959680743?
3
What is the ten thousands digit of 40348716?
4
What is the thousands digit of 322828333?
8
What is the units digit of 73717101?
1
What is the ten millions digit of 117951261?
1
What is the ten thousands digit of 1251419101?
1
What is the hundreds digit of 2078440101?
1
What is the hundred thousands digit of 996576297?
5
What is the hundred thousands digit of 36603067?
6
What is the millions digit of 842755545?
2
What is the millions digit of 4727638361?
7
What is the hundreds digit of 79546122?
1
What is the ten thousands digit of 10358456?
5
What is the units digit of 7195474?
4
What is the ten millions digit of 1450377654?
5
What is the ten thousands digit of 265925752?
2
What is the ten thousands digit of 70177554?
7
What is the tens digit of 54309087?
8
What is the hundred millions digit of 228486718?
2
What is the hundred millions digit of 138746840?
1
What is the ten millions digit of 1193815304?
9
What is the hundred thousands digit of 39181702?
1
What is the units digit of 504273924?
4
What is the hundred thousands digit of 1685862932?
8
What is the hundred thousands digit of 150672457?
6
What is the hundreds digit of 907350162?
1
What is the units digit of 1231913422?
2
What is the thousands digit of 72012062?
2
What is the millions digit of 32864082?
2
What is the hundred millions digit of 289389326?
2
What is the tens digit of 152901268?
6
What is the hundred thousands digit of 55773722?
7
What is the hundreds digit of 76558?
5
What is the hundred millions digit of 988910871?
9
What is the hundreds digit of 1582613057?
0
What is the hundred thousands digit of 184543672?
5
What is the hundreds digit of 189171750?
7
What is the millions digit of 721530561?
1
What is the ten millions digit of 357448849?
5
What is the ten millions digit of 674626922?
7
What is the thousands digit of 183182211?
2
What is the thousands digit of 1043372796?
2
What is the hundred thousands digit of 87164770?
1
What is the hundred thousands digit of 33355317?
3
What is the hundreds digit of 121422594?
5
What is the units digit of 18220981?
1
What is the thousands digit of 8334252?
4
What is the hundreds digit of 188468986?
9
What is the hundreds digit of 869281577?
5
What is the tens digit of 236640725?
2
What is the hundreds digit of 48709158?
1
What is the units digit of 5505542783?
3
What is the ten thousands digit of 9817883?
1
What is the hundreds digit of 13657743?
7
What is the units digit of 96178162?
2
What is the ten thousands digit of 2031867467?
6
What is the millions digit of 125720679?
5
What is the millions digit of 108133042?
8
What is the millions digit of 6736030604?
6
What is the units digit of 36011536?
6
What is the billions digit of 1507206096?
1
What is the ten millions digit of 389889852?
8
What is the tens digit of 3700185?
8
What is the hundreds digit of 4539506227?
2
What is the hundreds digit of 3534897?
8
What is the thousands digit of 22849615?
9
What is the millions digit of 237868019?
7
What is the ten millions digit of 465251582?
6
What is the ten thousands digit of 290596453?
9
What is the hundred thousands digit of 2827766347?
7
What is the hundred thousands digit of 415229120?
2
What is the millions digit of 19351744?
9
What is the thousands digit of 113694964?
4
What is the millions digit of 1459618617?
9
What is the millions digit of 288017141?
8
What is the millions digit of 519066839?
9
What is the units digit of 5177812?
2
What is the tens digit of 39784554?
5
What is the hundred thousands digit of 1007085348?
0
What is the millions digit of 229263435?
9
What is the hundreds digit of 168938203?
2
What is the hundred millions digit of 210349505?
2
What is the ten thousands digit of 2490610340?
1
What is the thousands digit of 22041501?
1
What is the thousands digit of 5661954?
1
What is the billions digit of 1148293727?
1
What is the hundred millions digit of 502938981?
5
What is the millions digit of 28317952?
8
What is the hundred thousands digit of 1275151090?
1
What is the tens digit of 1811575596?
9
What is the hundred thousands digit of 93561629?
5
What is the ten millions digit of 992870483?
9
What is the millions digit of 51202181?
1
What is the tens digit of 91741956?
5
What is the ten millions digit of 125859440?
2
What is the millions digit of 613976769?
3
What is the ten millions digit of 143999985?
4
What is the ten millions digit of 39536176?
3
What is the ten millions digit of 951664776?
5
What is the hundred millions digit of 294598588?
2
What is the tens digit of 37662775?
7
What is the hundreds digit of 108247765?
7
What is the ten thousands digit of 104409193?
0
What is the tens digit of 2000377454?
5
What is the hundred millions digit of 1560257395?
5
What is the thousands digit of 51821941?
1
What is the ten thousands digit of 6593631346?
3
What is the tens digit of 200506335?
3
What is the units digit of 4168982563?
3
What is the units digit of 394651673?
3
What is the hundreds digit of 8429729295?
2
What is the ten thousands digit of 1778318?
7
What is the hundred thousands digit of 2206510399?
5
What is the tens digit of 95814205?
0
What is the tens digit of 45276610?
1
What is the ten millions digit of 457000523?
5
What is the hundreds digit of 3873275241?
2
What is the ten thousands digit of 2639894385?
9
What is the ten millions digit of 58920794?
5
What is the ten millions digit of 2216472839?
1
What is the tens digit of 43190680?
8
What is the thousands digit of 6773410703?
0
What is the hundred thousands digit of 765166252?
1
What is the ten millions digit of 121808979?
2
What is the hundreds digit of 4991052929?
9
What is the tens digit of 297538668?
6
What is the thousands digit of 36542268?
2
What is the ten millions digit of 17474029?
1
What is the ten thousands digit of 124063799?
6
What is the ten millions digit of 21381003?
2
What is the units digit of 401581521?
1
What is the ten millions digit of 147447055?
4
What is the units digit of 294374817?
7
What is the units digit of 139145500?
0
